845.
5, 709, 14741
What are the prime factors of 128641546?
2, 11, 79, 74017
List the prime factors of 21922481.
7, 107, 29269
List the prime factors of 105916184.
2, 11, 19, 63347
List the prime factors of 341316498.
2, 3, 79, 563, 1279
List the prime factors of 309380219.
41, 2621, 2879
List the prime factors of 2570725519.
907, 2834317
List the prime factors of 46674832.
2, 71, 181, 227
List the prime factors of 101176474.
2, 7, 593, 1741
List the prime factors of 8479367.
13, 379, 1721
What are the prime factors of 149496178?
2, 13, 1259, 4567
List the prime factors of 2092339110.
2, 3, 5, 31, 2249827
List the prime factors of 522666818.
2, 261333409
What are the prime factors of 1487472914?
2, 151, 1493, 3299
List the prime factors of 966185594.
2, 11, 101, 434827
List the prime factors of 36336209.
7, 13, 41, 9739
What are the prime factors of 28980154?
2, 7, 1061, 1951
What are the prime factors of 5590159?
127, 44017
What are the prime factors of 122237709?
3, 11, 23
What are the prime factors of 3740006671?
3740006671
List the prime factors of 1332341159.
1013, 1315243
List the prime factors of 172049234.
2, 7, 47, 373, 701
What are the prime factors of 7712803419?
3, 281, 9149233
What are the prime factors of 944472016?
2, 59029501
What are the prime factors of 80369283?
3, 127, 210943
List the prime factors of 38133366.
2, 3, 6355561
What are the prime factors of 90676439?
7, 61, 73, 2909
What are the prime factors of 5916071580?
2, 3, 5, 43, 61, 37591
List the prime factors of 14932769.
14932769
What are the prime factors of 151856112?
2, 3, 107, 29567
What are the prime factors of 14425542?
2, 3, 801419
What are the prime factors of 35261487?
3, 145109
What are the prime factors of 537909664?
2, 16809677
What are the prime factors of 268345798?
2, 7, 397, 48281
What are the prime factors of 7021465807?
31, 1709, 132533
List the prime factors of 10272426.
2, 3, 19, 251, 359
What are the prime factors of 1346646569?
137, 859, 11443
List the prime factors of 7743958575.
3, 5, 17, 6073693
What are the prime factors of 803497?
803497
List the prime factors of 3259047210.
2, 3, 5, 47, 2311381
What are the prime factors of 139755570?
2, 3, 5, 263, 17713
What are the prime factors of 2879787474?
2, 3, 79, 281, 7207
List the prime factors of 1214217610.
2, 5, 19, 23, 31, 8963
What are the prime factors of 31079703?
3, 10359901
What are the prime factors of 103277780?
2, 5, 131, 39419
What are the prime factors of 290070297?
3, 11, 2930003
What are the prime factors of 42833254?
2, 307, 69761
What are the prime factors of 334226051?
9511, 35141
What are the prime factors of 995345457?
3, 19, 17462201
What are the prime factors of 838490012?
2, 209622503
List the prime factors of 6754322152.
2, 313, 2697413
List the prime factors of 147534704.
2, 17, 31, 17497
What are the prime factors of 118764733?
118764733
List the prime factors of 136158782.
2, 263, 379, 683
List the prime factors of 283856005.
5, 56771201
What are the prime factors of 1159979692?
2, 4951, 58573
What are the prime factors of 315223347?
3, 105074449
List the prime factors of 12366540.
2, 3, 5, 22901
What are the prime factors of 26691757?
26691757
What are the prime factors of 1751512738?
2, 875756369
List the prime factors of 1989683759.
7, 47, 53, 16301
List the prime factors of 765147413.
17851, 42863
List the prime factors of 896109951.
3, 11, 27154847
What are the prime factors of 5473982504?
2, 2311, 296083
What are the prime factors of 5637048834?
2, 3, 71, 599, 22091
List the prime factors of 348620734.
2, 7, 11, 17, 37, 59, 61
What are the prime factors of 342861010?
2, 5, 1511, 22691
List the prime factors of 27201564.
2, 3, 13, 17, 263
List the prime factors of 15754659.
3, 1297, 4049
List the prime factors of 438370594.
2, 191, 1147567
What are the prime factors of 4564390?
2, 5, 456439
List the prime factors of 724624727.
2767, 261881
What are the prime factors of 1715770714?
2, 7, 122555051
What are the prime factors of 297467148?
2, 3, 11, 2253539
List the prime factors of 28356490.
2, 5, 29, 277, 353
List the prime factors of 35123988.
2, 3, 29, 100931
What are the prime factors of 5165621625?
3, 5, 13774991
List the prime factors of 724925326.
2, 811, 446933
What are the prime factors of 249919008?
2, 3, 19, 181, 757
List the prime factors of 198594700.
2, 5, 67, 29641
List the prime factors of 2118746.
2, 7, 151339
What are the prime factors of 118528813?
13, 9117601
List the prime factors of 10053020.
2, 5, 502651
What are the prime factors of 1356003388?
2, 4721, 71807
What are the prime factors of 221180246?
2, 7, 15798589
List the prime factors of 123764269.
199, 313, 1987
List the prime factors of 13844759.
13844759
List the prime factors of 201372053.
43, 137, 34183
What are the prime factors of 88464917?
31, 2853707
What are the prime factors of 1997979594?
2, 3, 13, 23, 1113701
What are the prime factors of 735576719?
67, 151, 72707
What are the prime factors of 165616375?
5, 71, 18661
List the prime factors of 155853598.
2, 29, 47, 57173
List the prime factors of 383544427.
7, 59, 928679
What are the prime factors of 381516006?
2, 3, 17, 191, 19583
What are the prime factors of 11917349?
11917349
List the prime factors of 66785599.
113, 591023
List the prime factors of 1034472766.
2, 6269, 82507
What are the prime factors of 1450355555?
5, 11, 179, 147319
List the prime factors of 27212042.
2, 11, 13, 563
List the prime factors of 46262988.
2, 3, 142787
What are the prime factors of 18838236?
2, 3, 163, 9631
What are the prime factors of 3574626423?
3, 439, 1559, 1741
List the prime factors of 61013201.
79, 199, 3881
List the prime factors of 790175971.
13, 19, 23, 139091
List the prime factors of 313346222.
2, 7, 73, 257, 1193
What are the prime factors of 592472828?
2, 148118207
List the prime factors of 173284605.
3, 5, 13, 296213
List the prime factors of 340170379.
12107, 28097
List the prime factors of 24572750.
2, 5, 227, 433
What are the prime factors of 40832223?
3, 139, 97919
List the prime factors of 2777783390.
2, 5, 277778339
What are the prime factors of 240421684?
2, 17, 3535613
List the prime factors of 1140605374.
2, 23, 24795769
What are the prime factors of 112139448?
2, 3, 157, 29761
List the prime factors of 48693622.
2, 23, 31, 34147
List the prime factors of 1224930752.
2, 61, 313763
What are the prime factors of 615894401?
615894401
What are the prime factors of 2756032336?
2, 8147, 21143
List the prime factors of 1437101546.
2, 193, 3723061
What are the prime factors of 2614322636?
2, 653580659
What are the prime factors of 807402176?
2, 7, 41, 113, 389
List the prime factors of 1588659725.
5, 43, 1477823
List the prime factors of 409671170.
2, 5, 23, 103, 17293
List the prime factors of 59858583.
3, 359, 55579
What are the prime factors of 507475897?
61, 8319277
What are the prime factors of 2481306097?
139, 17851123
List the prime factors of 3299730353.
7727, 427039
List the prime factors of 48403259.
313, 154643
List the prime factors of 1954162307.
1954162307
List the prime factors of 60525975.
3, 5, 163, 4951
What are the prime factors of 116122876?
2, 43, 675133
List the prime factors of 90875566.
2, 45437783
List the prime factors of 866064565.
5, 461, 607, 619
What are the prime factors of 35546365?
5, 7109273
What are the prime factors of 980139353?
980139353
What are the prime factors of 215796495?
3, 5, 127, 113279
List the prime factors of 82359573.
3, 23, 1193617
What are the prime factors of 448970639?
13, 293, 9067
List the prime factors of 168511523.
3019, 55817
What are the prime factors of 1636312809?
3, 545437603
List the prime factors of 70473427.
269, 261983
What are the prime factors of 438908776?
2, 1429, 38393
List the prime factors of 166469527.
7, 103, 373, 619
List the prime factors of 38216927.
7, 61, 89501
List the prime factors of 245649456.
2, 3, 13, 17, 31, 83
List the prime factors of 2155203409.
2155203409
List the prime factors of 37161744.
2, 3, 23, 41, 821
What are the prime factors of 558731?
558731
What are the prime factors of 2510706186?
2, 3, 199, 233641
List the prime factors of 76334035.
5, 181, 84347
List the prime factors of 1718095705.
5, 343619141
What are the prime f